eatest common factor of 28 and n?
14
Let p(n) = -n**3 - 8*n**2 + 5. Let u be p(-8). Suppose -u*x = 16 + 14. Let q be (-18)/x - (1 + 1). What is the highest common divisor of 8 and q?
1
Let p be (1035/(-10))/((-1)/14). Suppose u - 8*u = -p. Calculate the greatest common factor of u and 23.
23
Let m = -2 - -6. Suppose -m*l = -8, -86 - 222 = -4*p - 4*l. What is the greatest common factor of p and 50?
25
Let g = -80 - -136. Suppose -4*c = -0*c - g. What is the greatest common factor of c and 14?
14
Suppose 4*q - 1244 = -3*m, -4*q - 2*m + m + 1236 = 0. Let j(a) = -3*a + 59. Let o be j(5). Calculate the highest common factor of o and q.
44
Let d(f) = f**2 - 16*f + 5. Let s be d(-12). Calculate the greatest common divisor of s and 11.
11
Let k(t) = 3*t**2 - 12*t + 5. Let c be k(3). Let z be (-12)/c + -2 + (5 - -37). What is the highest common factor of z and 344?
43
Let j be (-1180)/177*((-7)/5 - 1). Let y(b) = b**3 - 4*b + 1. Let s be y(3). Calculate the highest common divisor of j and s.
16
Let r(l) = -15*l - 6. Let x be r(-4). Let m be 1*(-6)/9*-3. Suppose 3*w + v + 4*v - 69 = 0, 0 = m*w - 3*v - 27. What is the greatest common divisor of x and w?
18
Let y = -28 + 52. Let h(q) = 2*q + 3*q + q**3 + y - 2*q**2 - 28. Let w be h(4). Calculate the highest common factor of w and 24.
24
Let q(m) = -m**2 + 70*m - 97. Let l be q(16). What is the highest common divisor of 59 and l?
59
Suppose 2*m - 35 - 21 = 0. Suppose -5*u + u - 4*q + 20 = 0, -m = -5*u - 4*q. What is the greatest common factor of 8 and u?
8
Let h = 4 + 36. Suppose -70 = h*s - 45*s. Calculate the greatest common factor of 98 and s.
14
Let h = -19 - -10. Let t be (12/h)/((-4)/12). Suppose 2*u - 68 = t. Calculate the highest common divisor of u and 9.
9
Suppose 29 = -9*b + 335. Suppose 6 = 3*k, -5*k + b = 5*x + 14. Calculate the greatest common divisor of 6 and x.
2
Suppose 0*x + 5*x - 60 = 0. Suppose 2*v - 18 = x. Calculate the greatest common factor of v and 105.
15
Suppose -w + 3 = 2*w. Let k(j) = 35*j. Let v be k(w). Let f(d) = 48*d - 2993. Let x be f(66). What is the highest common divisor of x and v?
35
Let n be ((-34)/3 - 2)*-3. Let x(f) = -23*f + 1. Let v be x(-3). Let l be v/9 + (-6)/(-27). What is the highest common divisor of l and n?
8
Suppose 0 = r + 4*b - 60, 0 = -r + 5*b + 2 + 31. Calculate the greatest common divisor of r and 54.
6
Let x = 20 + -84. Let g = -14 - x. Let t = -5 - -25. What is the highest common factor of t and g?
10
Suppose 0 = 2*b + 4, 4*o + b + 4 = 2*o. Let x be 3/(o/(-9)*3). What is the greatest common divisor of x and 27?
9
Suppose -104*o + 206*o = 101*o + 13. Let g be 14 - (-1 + -1 + 3). What is the highest common divisor of o and g?
13
Suppose x - h = 3*x - 159, 69 = x + 4*h. Calculate the greatest common factor of x and 12.
3
Suppose -2*y = -6*y + 20. Let z = -6 + 0. Let i be z/24 + 282/8. What is the highest common divisor of i and y?
5
Let j(i) = i**2 + 6*i + 6. Let l be j(-6). What is the greatest common factor of 69 and l?
3
Suppose -6*n + 13 + 71 = 0. Suppose q - 22 = -n. What is the greatest common factor of q and 28?
4
Let v be -7*(-7 + 288/(-63)). What is the greatest common divisor of v and 18?
9
Let n(f) = 5*f + 104. Let k be n(17). Calculate the greatest common factor of 7 and k.
7
Let o(n) = 7*n - 10. Let j be o(2). Suppose -2*h = -k - 2*k - 338, j*h = -5*k + 720. What is the greatest common factor of 35 and h?
35
Suppose -43*i + 1040 = -35*i. Calculate the greatest common factor of 10 and i.
10
Let s = -208 + 241. Let z(d) = 2*d**2 + d - 4. Let x be z(-3). Calculate the highest common divisor of x and s.
11
Let m(t) = 3*t**2 + t + 2. Let x be m(-2). Suppose 0 = 4*j + 11 - 43. What is the highest common factor of x and j?
4
Suppose -5*a - 65 + 803 = 4*d, 0 = a - 5*d - 165. What is the greatest common divisor of 45 and a?
15
Let k(l) = 317*l. Let y be k(1). Let s(o) = 10*o**2 - 11*o + 1. Let x be s(-4). Let i = y - x. Calculate the highest common divisor of i and 14.
14
Suppose -5*o - 25 + 4 = i, 3*i - 7 = -o. Suppose 15 = 2*n + 9. Suppose -2*u + r = n*u, 2*u - 4*r + 18 = 0. Calculate the highest common factor of i and u.
1
Let y = -3 - -89. Let b = y + -54. Calculate the highest common divisor of 8 and b.
8
Let x(h) be the first derivative of h**4/4 - 5*h**3/3 + h**2 + 9*h - 4. Let m be x(9). What is the greatest common factor of 39 and m?
39
Let k = 128 - 122. Calculate the greatest common divisor of k and 9.
3
Let u = 9 - 8. Let f be u/(2/(-6)) + (-76)/(-4). What is the highest common factor of 112 and f?
16
Let d = 220 + -168. Calculate the highest common factor of 260 and d.
52
Let j = -33 - -111. Calculate the greatest common divisor of 234 and j.
78
Suppose 0*f - 28 = -f. Let x(n) = n**3 - 14*n**2 + 2*n + 150. Let r be x(13). Calculate the highest common divisor of f and r.
7
Let z = 595 + 507. Calculate the highest common divisor of 38 and z.
38
Suppose -411 = 2*b + b. Let k(f) = f**2 - 19*f - 7. Let s be k(14). Let t = s - b. Calculate the greatest common factor of 12 and t.
12
Let j = -39 - -41. Suppose -2*q - j*f = -122, 3*q = 3*f + 333 - 138. What is the greatest common divisor of q and 9?
9
Let w(c) = -23*c - 84. Let y be w(-7). Let u = y + -69. What is the greatest common divisor of u and 20?
4
Suppose -286*m + 2420 = -266*m. Calculate the greatest common divisor of m and 847.
121
Let o(y) = -y**3 + 21*y**2 - 5*y + 121. Let h be o(21). What is the highest common factor of h and 108?
4
Let m(k) = k**3 + 5*k**2 + k. Let o be m(-4). Let u = o + -8. Let l be u/(-8)*(0 - 26). What is the highest common divisor of l and 39?
13
Let s(d) = -d**3 - 2*d**2 + 6*d + 1. Let t be s(-4). Let m be (-30)/t*6*-1. Suppose -8*y + 4*y + 240 = 0. Calculate the greatest common factor of y and m.
20
Let a be 4/(-6) - (807/(-9) - 2). What is the highest common factor of a and 52?
13
Let w(v) = 36*v + 36. Let c be w(9). Calculate the greatest common factor of 30 and c.
30
Let m = -20 - -47. Suppose m*p - 24*p = 30. Calculate the greatest common divisor of 10 and p.
10
Let g(x) = -x**3 - 24*x**2 + 3*x + 93. Let u be g(-24). What is the greatest common factor of u and 7?
7
Let o = -36 + 33. Let a be 1/o + 204/18. What is the highest common divisor of a and 66?
11
Suppose -4*t + 12 = q - 4, 2*t + 5*q + 10 = 0. Suppose 20 - 180 = -t*g. Let h be g/112 + (-208)/(-7). Calculate the highest common divisor of 10 and h.
10
Let v be 3/12*4 + (-3)/1. Let y be (-7 - (-88)/12)/(v/(-36)). What is the greatest common divisor of y and 2?
2
Suppose 2*l - 66 = -l. Suppose b - 33 = l. What is the greatest common factor of b and 5?
5
Let i = 337 - 227. Suppose -a - 4*a = -i. Calculate the greatest common factor of 55 and a.
11
Let o(g) = 2*g**2 + 3*g - 3. Let w(t) = 3*t**2 + 3*t - 3. Let a(u) = -4*o(u) + 3*w(u). Let s be a(3). What is the greatest common divisor of s and 27?
3
Suppose 2*u - b = -5*b + 62, 5 = b. Let h be ((-12)/30)/((-1)/35). What is the greatest common factor of u and h?
7
Let q = -25 - -45. Suppose -q*z + 17*z = -105. What is the highest common factor of z and 28?
7
Let o(c) = -c**2 - 27*c - 158. Let w be o(-9). What is the greatest common divisor of w and 26?
2
Let k(x) = -x**3 - 4*x**2 + 8*x - 11. Let q be k(-7). What is the greatest common factor of 80 and q?
80
Let n(k) = 4*k - 31. Let q be n(9). Suppose -q*f = -8 - 82. Calculate the greatest common divisor of 126 and f.
18
Suppose -1 - 5 = 3*q. Let z be (-56)/q - 5 - 1. What is the highest common factor of z and 88?
22
Let o be (38 - -1)/((-1)/20*-4). What is the greatest common factor of o and 60?
15
Suppose -215 = -3*h - 86. Suppose -h = -6*k + 17. Let o(f) = -f. Let u be o(-4). Calculate the highest common divisor of k and u.
2
Let v = -335 + 1039. Calculate the greatest common factor of v and 88.
88
Suppose 5*f - 215 = -3*o, -2*f = -3*o - o + 330. Let h(j) = 18*j - 4. Let u be h(2). Calculate the highest common divisor of u and o.
16
Suppose j - 517 = 2*h, 2575 = 160*j - 155*j - 5*h. What is the greatest common divisor of 189 and j?
27
Let x be 3*(2 + 2/6). Suppose 2 = -5*h + x. Let z be 45 + -2 - (-2 - h). What is the greatest common divisor of 23 and z?
23
Let j be 63/2 - (-2)/4. Let l be 55/10 + -2 - 2/4. Suppose -4*u = l*p - 252, 9 = p - 3*u - 62. Calculate the greatest common factor of p a